{"id":32,"date":"2022-01-04T18:19:23","date_gmt":"2022-01-04T18:19:23","guid":{"rendered":"https:\/\/alokium.com\/store\/?post_type=product&#038;p=32"},"modified":"2022-02-24T23:12:50","modified_gmt":"2022-02-24T23:12:50","slug":"modulo-gate","status":"publish","type":"product","link":"https:\/\/alokium.com\/store\/produto\/modulo-gate\/","title":{"rendered":"M\u00f3dulo Gate"},"content":{"rendered":"<p>Cansado de ter que procurar o controle do port\u00e3o? De ter que trocar bateria do seu controle? Com o M\u00f3dulo Gate da Alokium \u00e9 poss\u00edvel controlar o seu port\u00e3o pelo celular de qualquer lugar do mundo! Voc\u00ea tamb\u00e9m poder\u00e1 criar cenas para abrir ou fechar o seu port\u00e3o em um hor\u00e1rio programado, acender as luzes da garagem quando o port\u00e3o abrir e estiver escuro, e muito mais! Tudo isso na palma da sua m\u00e3o a um toque de dist\u00e2ncia.<\/p>\n<p>O M\u00f3dulo gate funciona com os melhores modelos de motores de port\u00e3o e tamb\u00e9m de fechaduras eletr\u00f4nicas.<\/p>\n","protected":false},"excerpt":{"rendered":"<p>Com ele voc\u00ea controla port\u00f5es, portas e janelas da sua casa! Esque\u00e7a o problema de perder o controle remoto do port\u00e3o!<\/p>\n","protected":false},"featured_media":55,"template":"","meta":[],"product_brand":[],"product_cat":[25],"product_tag":[34,33,20],"class_list":{"0":"post-32","1":"product","2":"type-product","3":"status-publish","4":"has-post-thumbnail","6":"product_cat-modulos","7":"product_tag-modulo-portao","8":"product_tag-portao-eletronico","9":"product_tag-smart-home","11":"first","12":"instock","13":"shipping-taxable","14":"purchasable","15":"product-type-simple"},"jetpack_sharing_enabled":true,"_links":{"self":[{"href":"https:\/\/alokium.com\/store\/wp-json\/wp\/v2\/product\/32","targetHints":{"allow":["GET"]}}],"collection":[{"href":"https:\/\/alokium.com\/store\/wp-json\/wp\/v2\/product"}],"about":[{"href":"https:\/\/alokium.com\/store\/wp-json\/wp\/v2\/types\/product"}],"wp:featuredmedia":[{"embeddable":true,"href":"https:\/\/alokium.com\/store\/wp-json\/wp\/v2\/media\/55"}],"wp:attachment":[{"href":"https:\/\/alokium.com\/store\/wp-json\/wp\/v2\/media?parent=32"}],"wp:term":[{"taxonomy":"product_brand","embeddable":true,"href":"https:\/\/alokium.com\/store\/wp-json\/wp\/v2\/product_brand?post=32"},{"taxonomy":"product_cat","embeddable":true,"href":"https:\/\/alokium.com\/store\/wp-json\/wp\/v2\/product_cat?post=32"},{"taxonomy":"product_tag","embeddable":true,"href":"https:\/\/alokium.com\/store\/wp-json\/wp\/v2\/product_tag?post=32"}],"curies":[{"name":"wp","href":"https:\/\/api.w.org\/{rel}","templated":true}]}}