{"id":13,"date":"2022-01-04T18:15:00","date_gmt":"2022-01-04T18:15:00","guid":{"rendered":"https:\/\/alokium.com\/store\/produto\/hoodie-with-logo\/"},"modified":"2022-02-24T23:28:30","modified_gmt":"2022-02-24T23:28:30","slug":"station","status":"publish","type":"product","link":"https:\/\/alokium.com\/store\/produto\/station\/","title":{"rendered":"Station Wi-Fi"},"content":{"rendered":"<p>A Station Wi-Fi Alokium \u00e9 respons\u00e1vel por fazer a conex\u00e3o entre os dispositivos Alokium instalados na sua casa com a internet, para que possam ser controlados pelos Aplicativos e Assistentes Virtuais.<\/p>\n<p>Com ela voc\u00ea s\u00f3 precisa configurar a internet uma vez e n\u00e3o sempre que adicionar um m\u00f3dulo novo, ocupando apenas um lugar do seu roteador! Ela tamb\u00e9m conta com a tecnologia LoRa, permitindo que os seus m\u00f3dulos da Alokium estejam mais distantes de que o sinal de internet pode ir.<\/p>\n<p>&nbsp;<\/p>\n","protected":false},"excerpt":{"rendered":"<p>A Station wi-fi Alokium \u00e9 respons\u00e1vel por fazer a conex\u00e3o entre os dispositivos Alokium instalados na sua casa com a internet, para que possam ser controlados pelos Aplicativos e Assistentes Virtuais.<\/p>\n","protected":false},"featured_media":52,"template":"","meta":[],"product_brand":[],"product_cat":[19],"product_tag":[24,21,23,20,22],"class_list":{"0":"post-13","1":"product","2":"type-product","3":"status-publish","4":"has-post-thumbnail","6":"product_cat-station","7":"product_tag-alokium","8":"product_tag-automacao","9":"product_tag-central","10":"product_tag-smart-home","11":"product_tag-station","13":"first","14":"instock","15":"shipping-taxable","16":"purchasable","17":"product-type-simple"},"jetpack_sharing_enabled":true,"_links":{"self":[{"href":"https:\/\/alokium.com\/store\/wp-json\/wp\/v2\/product\/13","targetHints":{"allow":["GET"]}}],"collection":[{"href":"https:\/\/alokium.com\/store\/wp-json\/wp\/v2\/product"}],"about":[{"href":"https:\/\/alokium.com\/store\/wp-json\/wp\/v2\/types\/product"}],"wp:featuredmedia":[{"embeddable":true,"href":"https:\/\/alokium.com\/store\/wp-json\/wp\/v2\/media\/52"}],"wp:attachment":[{"href":"https:\/\/alokium.com\/store\/wp-json\/wp\/v2\/media?parent=13"}],"wp:term":[{"taxonomy":"product_brand","embeddable":true,"href":"https:\/\/alokium.com\/store\/wp-json\/wp\/v2\/product_brand?post=13"},{"taxonomy":"product_cat","embeddable":true,"href":"https:\/\/alokium.com\/store\/wp-json\/wp\/v2\/product_cat?post=13"},{"taxonomy":"product_tag","embeddable":true,"href":"https:\/\/alokium.com\/store\/wp-json\/wp\/v2\/product_tag?post=13"}],"curies":[{"name":"wp","href":"https:\/\/api.w.org\/{rel}","templated":true}]}}